8 - 10. Let l(k) = 82*k**2 + k. Let c be l(z). Suppose 3*q - 259 = -4*h, -3*q = -2*q + 3*h - c. What are the prime factors of q?
89
Suppose 11623 - 34680 = -5*p + 2*t, 0 = p - 4*t - 4615. List the prime factors of p.
3, 29, 53
Suppose -5 = -51*m + 753 + 160. What are the prime factors of m?
2, 3
Let u(i) = -2*i - 42. Let v be u(-28). What are the prime factors of -30*(-7 + (-91)/v)?
3, 5
Suppose -5*s - 50 = -3*i + 142, 283 = 5*i + 4*s. Let u = i - 40. Suppose -11*k + u*k = 648. What are the prime factors of k?
3
Let u be (-6609)/(-6) + 5/(-10). Let q = u - 903. List the prime factors of q.
2, 3, 11
Suppose 3*g + 8 = 3*t + t, 3*g + 4*t - 32 = 0. Suppose g*v = 2*v - 2, 4*l + 5*v = 4059. What are the prime factors of l?
2, 127
What are the prime factors of ((-29343)/3)/(29/406*-14)?
9781
Let r(n) = 113*n + 2847. What are the prime factors of r(120)?
3, 1823
Let p be (14/(-21))/((-4)/18). Suppose -p*n = 2*n + 2510. Let a = -279 - n. List the prime factors of a.
223
Suppose 3*x - 2*m + 976 = 0, 3*x = -m + 578 - 1566. Suppose 56*l = 25*l - 4092. Let a = l - x. What are the prime factors of a?
2, 7
Let b(i) = 5*i**2 + 21*i + 93. Suppose 64*u + 110 = 54*u. What are the prime factors of b(u)?
467
List the prime factors of (-146 + (-8)/4)/(17/(-170)).
2, 5, 37
Suppose -2*s = -3*h - 7, s - 7 = -h - 1. Let d = h + 14. What are the prime factors of d?
3, 5
Let b be -2 + 18/8 + (-165)/(-60). Suppose -b*f = -5*f - 284. Let o = f - -239. List the prime factors of o.
97
Suppose 3961*u + 188058 = 3974*u. List the prime factors of u.
2, 3, 2411
What are the prime factors of 5/(-1) + 3658604/173?
21143
Suppose 4*p - 20258 = -4*z + 9982, 3*z - 22680 = -p. What are the prime factors of z?
2, 3, 5, 7
Suppose 0 = -65*l + 22*l + 29*l + 182742. List the prime factors of l.
3, 19, 229
Let o(u) = -354*u**3 - 122*u**2 - 121*u + 1. What are the prime factors of o(-1)?
2, 3, 59
Let g be (4/1 + -2)*(569 + -2). Suppose 214 - g = -4*m. Let u = m - 146. List the prime factors of u.
2, 3, 7
Let b(o) = -o**2 + 8*o + 4. Let r = 43 - 35. Let v be b(r). Suppose -v*x + 9*x = 260. What are the prime factors of x?
2, 13
Let w(j) = 42*j. Suppose -4*d + 3*c + 5 = 0, 3*c - 2*c - 9 = -4*d. Let f be w(d). Suppose -6*i - i + f = 0. List the prime factors of i.
2, 3
Let n(k) = k**2 - 27*k + 25. Let g be (312/15)/(-2)*(-5)/2. Let x be n(g). Let u(z) = -76*z**3 - z**2 - z. What are the prime factors of u(x)?
2, 19
Suppose 0 = -9*i - 5*s + 229016, -2*i + 50883 = 27*s - 24*s. List the prime factors of i.
3, 17, 499
Let s(m) = m**3 - 5*m**2. Let f be s(5). Suppose 4*n = 3*n + 5*y - 72, -2*n + 4*y - 132 = f. Let b = n - -131. List the prime factors of b.
3, 23
Let j = -17435 - -24640. List the prime factors of j.
5, 11, 131
Let q(v) = -107*v - 11. Let m be q(-13). Suppose 0*i = 3*i - m. Suppose 2*r = 4*g - i, 5*g = -7*r + 3*r + 601. List the prime factors of g.
3, 13
Let h(p) = 3501*p - 16. Let o be h(1). Let s = o - 2179. What are the prime factors of s?
2, 653
Let g = -91 + 84. What are the prime factors of (2 - -6) + g - -1419?
2, 5, 71
Let u(n) = -3*n**2 + 19*n - 6. Let b be u(6). Suppose -5*t - 86 + 1866 = b. What are the prime factors of t?
2, 89
Let z = -2095 + 1019. Let l = z + 1688. List the prime factors of l.
2, 3, 17
Let r be 6/(3/12 + (-2)/(-4)). Let v be (-19)/(-152) + (15/r - -1). Suppose -20 = -v*s - 7*s. List the prime factors of s.
2
Let d(b) be the third derivative of b**4/12 - b**3/3 + 4*b**2. Let q be d(3). Suppose -18 = -q*n + 34. What are the prime factors of n?
13
Let l = -175 - -228. What are the prime factors of 0 - 21*(-5 - (l + 2))?
2, 3, 5, 7
Suppose -4*b + 0*b + 5*v = -16724, 3*b - 12546 = 3*v. List the prime factors of (b + 6)/4 + 0.
2, 131
Suppose 10*a + 15 - 35 = 0. Suppose -448 = -2*p - a*p. What are the prime factors of p?
2, 7
Suppose -2*s + 4*s = h + 168, -3*s = 5*h - 265. Let m = s + -64. Suppose 300 = -m*o + 25*o. What are the prime factors of o?
3, 5
Let i(v) = 197*v**2 - 13*v + 231. What are the prime factors of i(-22)?
3, 5, 7, 11, 83
Suppose 2*l = 7*l - 1010. Suppose -9 - 9 = 9*b. List the prime factors of b*1/(-4)*(0 + l).
101
Suppose -36649 = -4*m + 135*n - 140*n, 2*n + 9146 = m. What are the prime factors of m?
2, 3, 7, 109
List the prime factors of 1138340/36 - ((-34)/36 - 10/(-20)).
103, 307
Let f(p) be the third derivative of 23*p**4/2 - 4*p**3/3 - 11*p**2. List the prime factors of f(1).
2, 67
Let i(u) = 30*u - 16. Let t = -164 - -175. List the prime factors of i(t).
2, 157
Let y = -182 - -386. Suppose 4*l = 5*h - 2390, -h + y + 293 = 3*l. List the prime factors of h.
2, 241
Let h be 1*28 + 5 + -7 + -2. Suppose 6*q - 8*q = -h. Let y(n) = n**3 - 12*n**2 + 5*n + 21. List the prime factors of y(q).
3
Suppose 0 = -8*o + 3*o + 825. Let k(l) = -l**3 + 28*l**2 - 73*l - 23. Let w be k(25). Suppose -v - w = -o. List the prime factors of v.
2, 3, 23
Suppose -5*q + 242 - 58 = -i, -3*q + 2*i = -116. List the prime factors of q + 247 - -2*1/(-2).
2, 3, 47
What are the prime factors of ((-1127)/(-14) - 17)*270?
3, 5, 127
Suppose 0 = -6*x + 31730 + 29956. What are the prime factors of x?
3, 23, 149
Let p(s) = 61*s**2 - 6*s + 3. Let o be p(-3). Let f = o - 187. What are the prime factors of f?
383
Suppose -7*c + 4831 + 3065 = 0. Let d = c + -277. What are the prime factors of d?
23, 37
List the prime factors of -13 + 12 + -7 + 3 + 53954.
3, 7, 367
List the prime factors of 2/(7 + (-90)/12) + 10760.
2, 2689
Let p = -193 - -7985. What are the prime factors of p?
2, 487
Suppose 79*s = 78*s - 6, 2*s - 372658 = -5*l. What are the prime factors of l?
2, 83, 449
Suppose 2*o + 3*g - 432 - 14623 = 0, -o + g = -7525. List the prime factors of o.
2, 53, 71
Suppose -4*v + 7200 = 32*k - 17*k, -3*v + 3*k + 5400 = 0. List the prime factors of v.
2, 3, 5
Let u(a) = 281*a**2 + 1255*a - 3762. List the prime factors of u(3).
2, 3, 211
Let g = 55 - 57. Let k(w) be the second derivative of 3*w**4/2 - w**3 + 2*w**2 - 4*w. What are the prime factors of k(g)?
2, 11
Suppose 3*v + 2454 = -3*b, 0 = 7*v - 2*v + b + 4086. Let l = 1031 + v. What are the prime factors of l?
2, 107
Let c be (-99)/21 + 6/(-21). Let z be c/(15/(-8))*-6. Let r = z - -85. What are the prime factors of r?
3, 23
Suppose 0 = -31*g + 344953 - 76478 + 381471. List the prime factors of g.
2, 11, 953
Suppose 2*z + 6 = i - 3*i, 3 = -4*i - z. Suppose 2*r - r - 9 = i. Suppose 0 = -c + r*c - 464. List the prime factors of c.
2, 29
Let d be 36/(-27) - -2 - 44/(-6). What are the prime factors of (-175)/10*((-10)/5 - d)?
5, 7
Let s(n) = 19*n - 79. Let q(m) = 9*m - 46. Let g(a) = -1. Let r(i) = -6*g(i) + q(i). Let o(c) = 5*r(c) - 3*s(c). List the prime factors of o(-9).
5, 29
Let f be ((-3)/(-4))/((-210)/24 - -9). Suppose 0 = 2*g - 4*v + 3*v - 3923, -3 = f*v. List the prime factors of g.
37, 53
Let o be 6/(1 - (-4 + 2)). Let x be (-2)/5 + (-552)/(-5). Suppose 15 = 5*p, -o*t - p + x = p. What are the prime factors of t?
2, 13
Suppose 403 = 3*d - 5*a - 2354, -4*a - 1836 = -2*d. Suppose m = -2*i + d, 0 = -3*i - m + 2*m + 1396. What are the prime factors of i?
2, 29
Suppose 574*n - 571*n - 3*h - 246081 = 0, 4*n + 3*h = 328073. List the prime factors of n.
2, 41011
Suppose 0 = -4*k + 2*d + 28, -2*d + 3 - 11 = 0. Suppose 0 = -i + 5*q + 38, -3*q = -k*i + 2*q + 130. List the prime factors of i.
23
Let r = -144 + 156. Suppose 0 = 4*s + r, -2*d = -3*s - 75 - 174. List the prime factors of d.
2, 3, 5
What are the prime factors of (-7)/((-7)/37864) - 24/(-12)?
2, 3, 6311
Let a(m) = 548*m + 2. Let n(u) = -547*u - 3. Let d(j) = -5*a(j) - 6*n(j). List the prime factors of d(1).
2, 5, 11
Suppose -20*s + 2 = -22*s, -1304 = -y - 2*s. List the prime factors of y.
2, 653
Suppose -14*k + 155061 = -546087. List the prime factors of k.
2, 3, 17, 491
List the prime factors of 14404 - 0 - (11 - (-6 - -21)).
2, 1801
Suppose -8923*s = -8973*s + 1475150. List the prime factors of s.
163, 181
Suppose 13*q = 4*q + 27. Suppose -5*b + 2782 = q*f - 0*f, 4*f - 2*b - 3718 = 0. List the prime factors of f.
929
Let y(g) = -2*g**2 - 10*g - 9. Let h be y(-11). Let u be (-6)/(429/h + 3). Suppose 440 + u = 7*o. List the prime factors of o.
83
Let h(t) be the third derivative of -1/10*t**5 + 1/6*t**4 + 1/60*t**6 + 18*t**2 + 0*t + 0 - 3/2*t**3. List the prime factors o